of 63 and 494091?
9
What is the greatest common factor of 1695 and 35?
5
Calculate the highest common factor of 1482440 and 360.
40
Calculate the greatest common divisor of 158337 and 48618.
657
What is the highest common divisor of 5892 and 4?
4
Calculate the greatest common divisor of 31288 and 16.
8
Calculate the greatest common divisor of 2398 and 176.
22
What is the greatest common factor of 5085 and 1048527?
1017
What is the greatest common factor of 48825 and 558?
279
What is the greatest common divisor of 26904 and 2850?
114
Calculate the highest common divisor of 132741 and 14319.
387
Calculate the highest common divisor of 280 and 52010.
70
What is the greatest common divisor of 75438 and 2?
2
What is the highest common divisor of 39 and 30953?
13
Calculate the greatest common divisor of 98 and 59794.
14
Calculate the highest common divisor of 102656 and 4411.
401
Calculate the highest common divisor of 60236 and 3663.
407
What is the highest common factor of 615 and 170437?
41
What is the highest common factor of 20586 and 7614?
282
What is the highest common factor of 6 and 128928?
6
What is the highest common divisor of 365878 and 366?
122
What is the highest common factor of 7182 and 32508?
378
Calculate the highest common divisor of 2618 and 3553.
187
What is the highest common divisor of 42445 and 65?
65
Calculate the greatest common factor of 17411 and 23.
23
What is the greatest common divisor of 28337 and 13201?
43
What is the greatest common factor of 4768 and 80?
16
What is the highest common divisor of 45933 and 23973?
183
Calculate the highest common divisor of 58 and 2921489.
29
Calculate the greatest common divisor of 2405 and 8695.
185
What is the greatest common factor of 24066 and 168?
42
What is the greatest common divisor of 9 and 2883?
3
What is the greatest common divisor of 988 and 81757?
247
Calculate the greatest common divisor of 93 and 21886.
31
Calculate the highest common divisor of 29475 and 9225.
225
What is the highest common factor of 68706 and 11?
11
Calculate the greatest common divisor of 388 and 1567714.
194
Calculate the highest common factor of 490680 and 240.
120
What is the highest common divisor of 3383 and 2587?
199
Calculate the greatest common divisor of 7658 and 36649.
547
What is the greatest common factor of 384 and 516?
12
Calculate the greatest common divisor of 94032 and 2160.
144
What is the greatest common divisor of 302146 and 91?
13
Calculate the highest common factor of 399 and 58425.
57
Calculate the highest common factor of 209 and 335141.
19
Calculate the highest common factor of 10 and 85010.
10
Calculate the greatest common factor of 25 and 14305.
5
Calculate the highest common factor of 225 and 8350.
25
What is the greatest common factor of 765 and 3519?
153
What is the greatest common divisor of 58103 and 14975?
599
Calculate the highest common divisor of 542872 and 24.
8
What is the greatest common factor of 132 and 18986?
22
Calculate the highest common divisor of 7128 and 32400.
648
What is the greatest common factor of 280 and 7735?
35
Calculate the highest common factor of 76964 and 284.
284
What is the highest common factor of 2772 and 66132?
396
What is the greatest common divisor of 82 and 710366?
82
What is the greatest common factor of 2376 and 774?
18
Calculate the highest common divisor of 40508 and 492.
164
Calculate the greatest common factor of 70776 and 13464.
72
What is the greatest common divisor of 2943 and 14933?
109
Calculate the greatest common divisor of 75 and 1011.
3
What is the highest common factor of 2598453 and 26?
13
What is the highest common divisor of 49476 and 741?
57
Calculate the highest common divisor of 1412 and 2471.
353
What is the greatest common factor of 8814 and 2457?
39
What is the highest common divisor of 24487 and 15109?
521
Calculate the highest common factor of 528615 and 5355.
765
What is the highest common factor of 206716 and 4?
4
What is the greatest common factor of 1458 and 569052?
54
What is the highest common factor of 23650 and 88?
22
What is the highest common divisor of 63 and 3192?
21
What is the highest common factor of 291 and 513906?
291
What is the highest common factor of 2489548 and 340?
68
What is the highest common factor of 33309 and 18?
9
What is the highest common factor of 38384 and 32?
16
What is the highest common factor of 198486 and 1638?
18
What is the greatest common divisor of 13110 and 3381?
69
Calculate the highest common factor of 6504 and 3.
3
Calculate the greatest common divisor of 78518 and 24596.
946
What is the highest common divisor of 6770 and 30?
10
What is the highest common divisor of 2076 and 7338?
6
What is the greatest common divisor of 818181 and 1053?
1053
What is the greatest common divisor of 40209 and 2535?
39
Calculate the greatest common factor of 3594 and 14988.
6
Calculate the highest common divisor of 900 and 47772.
36
What is the highest common factor of 210 and 535?
5
Calculate the greatest common factor of 37 and 1924999.
37
What is the highest common divisor of 252 and 1953?
63
What is the greatest common divisor of 58 and 6671102?
58
What is the highest common factor of 22410 and 25647?
249
Calculate the greatest common divisor of 135501 and 47.
47
Calculate the highest common factor of 402 and 258.
6
What is the greatest common divisor of 1965 and 828313?
131
What is the greatest common factor of 10998 and 468?
234
What is the highest common factor of 11931265 and 755?
755
Calculate the greatest common factor of 2996097 and 663.
663
What is the highest common divisor of 1037 and 4539?
17
What is the highest common factor of 2013 and 4453?
61
Calculate the highest common divisor of 408 and 37995.
51
Calculate the highest common factor of 39 and 73489.
13
Calculate the highest common divisor of 153 and 78455.
17
Calculate the highest common divisor of 163496 and 3629.
191
Calculate the highest common divisor of 2568 and 1536.
24
What is the greatest common divisor of 28 and 73724?
28
What is the highest common divisor of 10233 and 260373?
1137
Calculate the highest common divisor of 1850 and 117290.
370
What is the highest common divisor of 378 and 9423?
27
Calculate the highest common factor of 112 and 45808.
112
Calculate the greatest common factor of 2814 and 581828.
134
Calculate the highest common divisor of 887104 and 3652.
332
Calculate the greatest common factor of 2257 and 195323.
37
Calculate the greatest common divisor of 3318348 and 92.
92
What is the highest common divisor of 1554744 and 48?
24
Calculate the greatest common factor of 36865 and 146.
73
What is the greatest common factor of 14526 and 2619?
27
What is the highest common factor of 2883 and 27249?
93
What is the greatest common factor of 400627 and 212?
53
Calculate the greatest common factor of 100 and 305450.
50
Calculate the greatest common factor of 7312 and 1072.
16
Calculate the greatest common factor of 6210 and 22080.
690
Calculate the highest common factor of 2544 and 2067.
159
Calculate the greatest common divisor of 8052 and 16348.
244
What is the greatest common factor of 64624 and 80?
16
What is the highest common factor of 93837 and 1209?
93
Calculate the greatest common divisor of 8066 and 1110.
74
Calculate the highest common factor of 35 and 4379900.
35
Calculate the greatest common factor of 96135 and 13.
13
Calculate the greatest common divisor of 3133 and 832.
13
What is the highest common divisor of 279 and 43338?
93
Calculate the greatest common divisor of 1621392 and 60.
12
What is the greatest common factor of 531093 and 43?
43
What is the highest common factor of 1935 and 2160?
45
What is the greatest common factor of 2 and 750746?
2
Calculate the highest common factor of 23704 and 4.
4
What is the highest common factor of 22562460 and 18?
18
Calculate the greatest common divisor of 11999 and 143.
13
Calculate the highest common divisor of 295778 and 24346.
518
Calculate the highest common divisor of 2908 and 12359.
727
What is the greatest common factor of 1537 and 754?
29
Calculate the greatest common factor of 22183 and 35.
7
Calculate the greatest common divisor of 1816 and 3023186.
454
Calculate the highest common factor of 20889 and 1617.
33
Calculate 